 19*w + 5. Calculate p(-2).
-33
Let i(m) = -2*m**2 + 3*m + 55. Determine i(6).
1
Let p(h) = -h**2 + 4*h + 7. Give p(7).
-14
Let x(v) = -v**3 - 22*v**2 - v - 27. Determine x(-22).
-5
Let b(u) = 3*u + 2. What is b(3)?
11
Let q(t) = -136*t + 959. What is q(7)?
7
Let q(d) = d**2 - 43*d + 212. Calculate q(37).
-10
Let d(k) = -2*k**2 - k - 8. What is d(0)?
-8
Let x(l) = -l**2 - 17*l - 53. Determine x(-3).
-11
Let z(f) = -4*f - 12. What is z(-6)?
12
Let l(f) = 41*f**2 + 13*f + 11. Determine l(-1).
39
Let o(h) = h**3 + 15*h**2 + 26*h + 8. Calculate o(-13).
8
Let y(j) = -72*j - 59. Calculate y(-1).
13
Let g(j) = 5*j**2 - 64*j - 90. What is g(14)?
-6
Let u(n) = 11*n**2 - 5*n - 9. Determine u(-1).
7
Let u(i) = -i**3 + 17*i**2 - 45*i + 38. Calculate u(14).
-4
Let b(v) = -4*v**2 + 32*v + 1. Calculate b(8).
1
Let h(n) = -22*n - 21. What is h(-1)?
1
Let l(v) = v**3 + 6*v**2 - v - 10. Calculate l(-6).
-4
Let d(t) = -t**3 + 7*t**2 + 24*t - 43. Calculate d(9).
11
Let n(g) = -g**3 - 13*g**2 + 25*g + 157. Determine n(-14).
3
Let o(a) = -12*a**2 - 2*a + 7. What is o(2)?
-45
Let k(t) = t**3 + 8*t**2 + 3*t - 1. Give k(-8).
-25
Let n(s) = -31*s - 367. Determine n(-12).
5
Let u(s) = s**2 + 6*s - 5. What is u(-9)?
22
Let k(p) = -9*p + 207. What is k(23)?
0
Let x(n) = -61*n - 2. Determine x(1).
-63
Let p(m) = 10*m + 53. Calculate p(-6).
-7
Let a(p) = p**3 + 5*p**2 - 3*p - 7. Give a(-5).
8
Let l(u) = -u**2 + 7*u - 1. Give l(5).
9
Let m(t) = 2*t**2 - 31*t + 130. Determine m(5).
25
Let q(g) = -2*g**3 - 9*g**2 - 2*g + 9. Determine q(-4).
1
Let m(a) = -2*a**2 + 11*a - 19. Determine m(4).
-7
Let h(j) = j**2 - 11*j + 7. Determine h(9).
-11
Let k(p) = -p**3 + 6. Give k(0).
6
Let z(v) = -10*v**2 - 15*v + 2. Calculate z(-2).
-8
Let j(g) = -g**3 + 9*g**2 + 11*g + 8. Give j(10).
18
Let v(h) = -8*h**3 - 2*h**2 - 3*h - 3. Calculate v(-2).
59
Let l(m) = 4*m + 16. What is l(-8)?
-16
Let m(w) = 11*w - 51. Determine m(5).
4
Let h(n) = 3*n + 10. Give h(-3).
1
Let h(x) = 8*x - 18. Determine h(3).
6
Let b(v) = -5*v - 17. Calculate b(-7).
18
Let y(g) = 4*g + 12. Determine y(-8).
-20
Let x(i) = -i**2 - 3*i - 13. Determine x(-6).
-31
Let x(d) = -d**2 - 7*d - 5. Give x(-6).
1
Let q(n) = -n - 6. Calculate q(-11).
5
Let h(w) = -w**3 - 7*w**2 + 9*w - 8. What is h(-8)?
-16
Let r(f) = 3*f**2 - 39*f + 118. What is r(8)?
-2
Let i(n) = 2*n**3 - 195*n**2 - 96*n - 196. What is i(98)?
0
Let a(m) = m**2 + 13*m + 8. Calculate a(-12).
-4
Let z(j) = -j**2 - 6*j - 4. Give z(-5).
1
Let k(b) = -2*b**2 - 3*b - 2. Calculate k(0).
-2
Let k(v) = -2*v**2 - 5*v + 3. Give k(-8).
-85
Let q(b) = 7*b**2 - 201*b - 67. Give q(29).
-9
Let o(y) = -y**3 + 8*y**2 + 15*y - 50. What is o(9)?
4
Let d(v) = -v**2 + 7*v + 1. Give d(7).
1
Let o(s) = s**3 + 15*s**2 - 13*s - 170. Determine o(-15).
25
Let m(l) = -l**3 - 60*l**2 - 61*l - 122. Calculate m(-59).
-4
Let r(j) = 2*j**3 + 2*j**2 - j - 7. What is r(3)?
62
Let s(n) = n**3 + 3*n**2 - 3*n - 4. What is s(-2)?
6
Let v(i) = -16*i - 51. Give v(-9).
93
Let u(i) = 2*i**2 + 30*i + 16. Determine u(-15).
16
Let i(h) = -2*h**3 + h**2. Give i(1).
-1
Let l(z) = -62*z + 247. Give l(4).
-1
Let o(c) = -c**3 + 19*c**2 + 43*c - 19. Calculate o(21).
2
Let g(o) = -2*o**2 - 2*o + 11. Calculate g(0).
11
Let j(o) = o + 10. Determine j(-10).
0
Let d(u) = -u**2 - 28*u + 131. Calculate d(-33).
-34
Let w(y) = 2*y**3 + 2*y**2 - 11*y. Give w(2).
2
Let m(v) = -v**3 - 64*v**2 - 64*v - 72. Calculate m(-63).
-9
Let l(y) = 28*y**2 + 2*y - 1. Determine l(1).
29
Let p(t) = -11*t + 2. What is p(-3)?
35
Let g(c) = -5*c + 5. Calculate g(2).
-5
Let m(w) = 3*w**2 + 2*w - 1. Calculate m(-3).
20
Let x(k) = k**3 + 6*k**2 - 53*k + 16. Give x(-11).
-6
Let u(m) = 9*m - 44. Calculate u(4).
-8
Let q(n) = n**3 - 7*n**2 + 5*n - 4. Give q(4).
-32
Let o(v) = -v**3 + 6*v**2 - 9*v - 6. Calculate o(3).
-6
Let q(y) = y**3 + 7*y**2 + 14. What is q(-7)?
14
Let m(s) = -4*s - 23. What is m(-10)?
17
Let k(h) = h**3 - 9*h**2 + 16*h - 4. Determine k(6).
-16
Let x(j) = -j**2 - 10*j + 112. Give x(-17).
-7
Let q(k) = 2*k**2 + 27*k - 167. What is q(-18)?
-5
Let i(b) = -13*b**3 + 1. Determine i(-1).
14
Let m(l) = -17*l + 109. Determine m(6).
7
Let i(q) = q**2 - 18*q + 4. What is i(16)?
-28
Let k(x) = -8*x. Calculate k(-1).
8
Let x(f) = f**3 - 10*f**2 + f - 140. What is x(11)?
-8
Let w(l) = -21*l**2 - 15*l - 14. What is w(-1)?
-20
Let x(m) = -2*m**3 - 20*m**2 + 4*m + 42. Calculate x(-10).
2
Let w(z) = -6*z**3 - z**2 + z + 1. Determine w(-1).
5
Let d(b) = -b + 7. What is d(3)?
4
Let n(w) = -7*w + 86. Calculate n(13).
-5
Let p(b) = -6*b**2 + 2*b + 1. Calculate p(-1).
-7
Let q(o) = 2*o**2 + 29*o + 10. Give q(-14).
-4
Let q(h) = 3*h**3 + 3*h**2 - 4*h - 4. What is q(-3)?
-46
Let s(l) = l + 13. Determine s(-12).
1
Let o(u) = u**2 - 3*u - 35. Give o(8).
5
Let r(h) = -233*h + 237. What is r(1)?
4
Let z(v) = -3*v**2 - 36*v - 8. What is z(-12)?
-8
Let k(a) = -3*a**2 + 5*a - 7. Determine k(2).
-9
Let z(p) = 17*p + 113. Determine z(-7).
-6
Let r(u) = -13*u**2 + u - 1. What is r(-1)?
-15
Let i(u) = -u**2 - 6*u + 17. Give i(-8).
1
Let i(n) = -n**2 + 5*n + 7. Give i(5).
7
Let o(s) = -2*s**2 + 3*s - 1. What is o(2)?
-3
Let y(a) = -2*a**2 - 36*a + 22. Determine y(-19).
-16
Let c(g) = g**3 + 2*g - 3. What is c(2)?
9
Let u(l) = -l**2 + 6*l + 2. Calculate u(5).
7
Let t(u) = 17*u - 91. Give t(6).
11
Let q(n) = 4*n**2 + 2*n + 1. Calculate q(2).
21
Let w(g) = 12*g - 5. Give w(4).
43
Let a(b) = b**2 - 2*b - 5. Calculate a(-4).
19
Let v(h) = 14*h**3 + 2*h**2 - 4*h + 2. Give v(1).
14
Let o(q) = q**3 + 5*q**2 - 3*q - 1. What is o(-4)?
27
Let r(b) = b**3 + 4*b**2 - 3*b - 4. Determine r(-5).
-14
Let l(t) = -t**3 - 12*t**2 - 16*t - 27. Determine l(-11).
28
Let v(h) = -h**2 + 4*h + 6. Determine v(7).
-15
Let n(h) = 8*h + 47. What is n(4)?
79
Let r(p) = p**3 + 7*p**2 - 18*p + 35. Calculate r(-9).
35
Let d(s) = -13*s**3 + s. Give d(-1).
12
Let d(s) = -s**3 + 10*s**2 - 9*s + 5. What is d(6)?
95
Let l(h) = -2*h**3 + 3*h**2 - 3*h + 1. Give l(3).
-35
Let o(y) = y**2 - 4*y + 5. Determine o(6).
17
Let g(s) = 3*s + 12. Calculate g(-9).
-15
Let q(v) = -2*v - 21. Give q(-3).
-15
Let s(i) = -i**3 - 11*i**2 - 19*i + 3. Calculate s(-8).
-37
Let u(g) = g**3 + 9*g**2 + 12*g + 26. Give u(-8).
-6
Let y(c) = -3*c**2 + 6*c - 16. Give y(2).
-16
Let i(s) = 6*s + 121. What is i(-19)?
7
Let b(u) = -43*u**2 + 1. Give b(-1).
-42
Let i(h) = 6*h + 4. Give i(-2).
-8
Let h(t) = 2*t**2 - 22*t + 42. Determine h(8).
-6
Let f(n) = -4*n**2 + 2. What is f(-2)?
-14
Let n(f) = -f**3 + 7*f**2 - 7*f + 17. What is n(6)?
11
Let t(q) = q**2 + 2*q - 20. What is t(0)?
-20
Let w(g) = -2*g**2 - 3*g - 5. Determine w(-6).
-59
Let r(n) = n**2 + 2*n - 3. What is r(3)?
12
Let o(l) = 2*l**2 + 20*l + 14. Give o(-10).
14
Let i(k) = 2*k**3 - 4*k**2 + 3*k - 4. Determine i(4).
72
Let x(z) = -z**3 - 11*z**2 + 9*z - 7. Calculate x(-12).
29
Let g(c) = c**2 - 8*c + 16. Determine g(3).
1
Let q(i) = 2*i**3 + 26*i**2 + 2*i + 28. What is q(-13)?
2
Let b(d) = -14*d**3 - 2*d**2 + d + 2. Give b(-1).
13
Let y(c) = -c**2 + 21*c - 87. Determine y(14).
11
Let t(v) = v**3 + 13*v**2 - 13*v - 5. Determine t(-14).
-19
Let l(f) = -f**2 + 5*f - 6. Calculate l(3).
0
Let r(s) = -5*s - 31. What is r(-22)?
79
Let n(s) = -3*s**2 - 38*s - 92. Give n(-8).
20
Let h(b) = -3*b**2 + 19*b + 1. Determine h(6).
7
Let y(x) = x - 14. What is y(11)?
-3
Let p(q) = -19*q**2 - 11*q + 10. Calculate p(1).
-20
Let q(t) = -t**3 - 12*t**2 - 7*t + 18. Determine q(-9).
-162
Let t(v) = -v**3 + 8*v**2 - 6*v - 13. Calculate t(7).
-6
Let u(g) = g**3 - 5*g**2 - 3*g + 1. Calculate u(5).
-14
Let a(w) = w**2 - 2*w - 12. Calculate a(-3).
3
Let u(z) = -6*z + 17. What is u(7)?
-25
Let p(s) = -s**2 + 16*s + 54. Give p(19).
-3
Let c(s) = -4*s**3 - 3*s**2 + s - 1. Give c(2).
-43
Let d(j) = -6*j**2 - 82*j + 38. Determine d(-14).
10
Let p(i) = -i**3 + 28*i**2 + 3*i + 10. Give p(28).
94
Let g(b) = -b**2 + 5*b + 7. Give g(10).
-43
Let v(u) = -10*u - 90. Calculate v(-8).
-10
Let t(q) = q**2 - 28*q + 84. Calculate t(25).
9
Let s(l) = 207*l + 1445. Determine s(-7).
-4
Let w(m) = 11*m + 11. Calculate w(-2).
-11
Let u(j) = -10*j - 2. Calculate u(7).
-72
Let b(k) = 4*k**2 - 28*k - 19. Determine b(8).
13
Let g(k) = k**3 + k - 1. What is g(0)?
-1
Let k(h) = -4*h + 7. Determine k(4).
-9
Let n(t) = -t**3 -